be g(6). Let p be i(h). Let a(l) = l**3 + 6*l**2 + 4*l - 4. What is a(p)?
1
Let k(h) be the third derivative of h**5/60 + 5*h**4/24 + h**3/3 - h**2. Let z = -31 - -43. Suppose -5*l - 8 - z = 0. Give k(l).
-2
Let t(r) = 7*r + 1. Let l(a) = a**3 - 6*a**2 + 1. Let b be l(6). Let j = -1 - b. Let f be j/2*(-1)/(-1). What is t(f)?
-6
Let h(y) = -4*y + y**2 - y**2 - 1 + y**2. Let a be (4/14)/((-4)/(-28)). Suppose a*r - 3 = 3. Give h(r).
-4
Let b(o) be the third derivative of -o**6/120 + o**5/10 + o**4/4 + 3*o**3/2 + 29*o**2. Give b(7).
2
Let x(n) = -n - 14. Let h be x(-9). Let i(v) = -v**3 - 4*v**2 + 8*v + 6. Give i(h).
-9
Let k be -1 - (2 + -3 - 1 - 11). Let l(b) = b - 12. Calculate l(k).
0
Let a(h) = 2*h. Let s be (-1)/(-3) + (6/9 - -2). Determine a(s).
6
Let u be (-12)/(-18) + 138/9. Suppose -4*z - u = -0. Let l(o) = -o**2 - 9*o. Let h(x) = x. Let i(f) = 4*h(f) + l(f). What is i(z)?
4
Let t be 0/(3 + 2) - -6. Let g(p) be the third derivative of 0 + 1/24*p**4 - 3*p**2 - 5/6*p**3 + 0*p. Calculate g(t).
1
Let c(a) = 2*a. Suppose -2*u + 9 = -5*r, -2*u - 3*r - 5 - 10 = 0. Let g(z) = -z**2 + 2*z + 4. Let q be g(4). Let l = u - q. Give c(l).
2
Let y(a) = 7*a**3 - 6*a**2 - 6*a + 2. Let t(v) = 15*v**3 - 13*v**2 - 13*v + 3. Let k(l) = 6*t(l) - 13*y(l). Give k(0).
-8
Let o(d) = 10*d**2 - 2*d + 3. Let y(r) = -10*r**2 + 3*r - 4. Let n(s) = 3*o(s) + 2*y(s). Determine n(1).
11
Let x = -6 - -12. Let c(d) = 3*d**3 + 4*d**2 + 2*d**2 + 7 - 4*d**3 - x*d. Determine c(5).
2
Let b(v) = -v - 2. Suppose -3*y + 2*y + 3 = 0. Suppose -6 = 4*k - x, -x + y = -5*k - 5. Calculate b(k).
0
Let z(f) = -8*f - 20. Let n be z(-3). Let t(a) = -6*a**3 - 4*a**2 - 36*a. Let b(p) = p**3 + p**2 + 7*p. Let l(i) = 11*b(i) + 2*t(i). Calculate l(n).
4
Let f(w) = w**2 - w - 1. Let v = -3 + 3. Let p = 2 + v. Let x be -3*1*p/3. Determine f(x).
5
Suppose 4*o = -5*f - 11, -5*f - o - 5 = -3*f. Let v(r) = r**2 - 5*r - 4. Let x(n) = n**2 - 5*n - 5. Let w(g) = f*v(g) + 2*x(g). Calculate w(6).
-4
Let q = -30 + 26. Let k(x) = -x**3 - 8*x**2 + x + 5. Let a(j) = 2*j**3 + 17*j**2 - 2*j - 11. Let n(p) = 4*a(p) + 9*k(p). Determine n(q).
-3
Let w be (-75)/18 + 4/24. Let q(j) = 3*j - 4 + 4 + 5. Give q(w).
-7
Let v(b) be the second derivative of b**3/6 - 9*b**2/2 + 11*b. Calculate v(8).
-1
Let n(p) = -p**3 - 6*p**2 - 5*p - 3. Let v be n(-5). Let f(s) = 7*s**2 + 5*s + 13. Let w(m) = 4*m**2 + 3*m + 7. Let b(t) = -6*f(t) + 11*w(t). Give b(v).
8
Let b(u) be the third derivative of 0*u**4 - 3*u**2 + 0*u - 1/24*u**5 - 1/360*u**6 - 1/6*u**3 + 0. Let t(y) be the first derivative of b(y). Give t(-4).
4
Let a = 52 - 57. Let n(g) = g**2 + 2*g - 1. What is n(a)?
14
Suppose l + 4*l = -35. Let c = l - -10. Let z(w) = -4 + c - w + 2. Determine z(4).
-3
Let v = -8 + 6. Let s(c) = 16*c + 30. Let m(t) = 3*t + 6. Let o(q) = v*s(q) + 11*m(q). Let g = -37 - -37. Calculate o(g).
6
Let i(x) = 2*x - 2. Suppose -3*h + 4*h - 5 = 0, 4*b + 4*h = 32. Let g be i(b). Let j(l) = -l**3 + 3*l**2 + 3*l + 5. Calculate j(g).
1
Suppose -4 = -3*z + 2. Suppose 0 = 5*k - a + 25, z*a - a + 5 = -k. Let n(y) = y**2 + 7*y + 3. Determine n(k).
-7
Let i(q) be the second derivative of -q**5/20 + q**3/6 + q**2/2 - 3*q. Let y = -3 + 2. Calculate i(y).
1
Let z(b) = -b**2 - 7*b - 4. Suppose -2*n = 3*n - 15. Suppose h = q + 3, 4 - n = 3*h + 5*q. Let g(s) = -3*s + 1. Let r be g(h). Determine z(r).
6
Let i(r) be the third derivative of -r**5/30 + r**4/6 + r**3/6 - 3*r**2. Suppose -4*p + 2*q - 4*q + 18 = 0, 0 = 5*p - 5*q. Suppose 2*g - g = p. What is i(g)?
-5
Let v(u) = -3*u**2 - 5*u + 6. Let t(h) = 2*h**2 + 4*h - 5. Let g(q) = -5*t(q) - 4*v(q). Let i = 57 - 58. Determine g(i).
3
Let p = 3 - 6. Let l be 3 + (1 - p) - 1. Let x(t) = -2*t + 8. Determine x(l).
-4
Let v(z) = 6*z**2 + 1 - 3*z**2 + 96*z**3 - z - 94*z**3. Calculate v(2).
27
Let f = 9 - 3. Let s(h) = 1 - f + 4 + 2*h. Let v be 3/(2*(-1)/(-2)). What is s(v)?
5
Let j(f) be the third derivative of 0*f + 0 + 2*f**2 - 2/3*f**3 - 1/24*f**4. Calculate j(-2).
-2
Let w(r) = -5*r**2 + 2*r + 1. Let m = 3 + -4. Calculate w(m).
-6
Suppose w = -2*w - 27. Let y(k) = -2*k**3 + 13*k**2 + 8*k + 1. Let i(n) = -n**3 + 6*n**2 + 4*n. Let l(j) = w*i(j) + 4*y(j). Determine l(3).
1
Let r(v) = -v**3 + 2*v**2 - v. Let n be r(1). Let w(h) = n - 1 - 3*h - 2 + h. Calculate w(-5).
7
Let x(u) be the third derivative of -u**6/40 + u**5/15 - u**4/6 + u**3/3 + 6*u**2 - 2*u. Give x(2).
-14
Let r = 20 - 13. Let t(c) = 0*c**3 - 3*c**3 - 2*c**3 + r*c**3 - c. Let d be (3 - 1)/(-1) + 1. Calculate t(d).
-1
Let z(h) = -h**3 + 67*h - 21*h**2 + 29*h**2 - 2 - 75*h. Give z(7).
-9
Let w(s) = -5*s**2 - s**3 - 8 + 7*s + s**2 + 15. What is w(-5)?
-3
Let s(g) = -8 - 10*g + 14*g + 7. Determine s(-3).
-13
Let q(l) = 1 + l**3 - l**2 + 3*l + 0 - 4*l. Let b be q(2). Let y(j) = 3*j**3 + b*j - 3*j + j**2 - 1. Calculate y(1).
3
Let v(t) = 5*t**2 - 5*t + 2*t**3 + 4*t + 2*t - t**3. Suppose 3*w + 13 = -3*x + 8*x, 0 = 5*w + 4*x - 3. Let s be ((-3)/6)/(w/(-10)). What is v(s)?
-5
Let n(b) = -10*b**2 + 10*b + b**3 + 0*b**3 - 9 + b**2. Let w be n(8). Let g(q) = q**2 - 7*q + 5. Let y be g(w). Let r(t) = t**3 - 4*t**2 - 6*t + 2. Give r(y).
-3
Suppose 0*a + 16 = -4*a. Let w(l) = 3*l**3 - 7*l**2 + 3*l. Let t(j) = -j**3 + 1 - 4*j + j**2 - j + 5*j. Let b(f) = -4*t(f) - w(f). Determine b(a).
-8
Let c(j) = -j**3 - 5. Suppose -5*y - 9 = 6. Let f = y + 3. Give c(f).
-5
Suppose 2*n - 10 = 4*n. Let m(o) be the third derivative of o**5/60 + o**4/12 - o**3/2 + 3*o**2 - 7*o. Determine m(n).
12
Let w(y) = 9*y**2 + 2*y + 1. Let b be (0/(-2) - -1)/(-1). Let i be -1 + -1 + 2 + b. Calculate w(i).
8
Let h(y) be the second derivative of 0 + 1/2*y**2 - 3/4*y**4 + y + 0*y**3. Let r(s) = -s**3 - s**2 + 17*s - 14. Let l be r(3). Give h(l).
-8
Suppose 0 = -o + 5*h - 21, -3*o + 17 = -0*o + 5*h. Let s(u) = -2*u - 335*u**2 + 7*u + 343*u**2 - 4*u. Give s(o).
7
Let j = 2 + 0. Let c(s) = -j + 4*s + 4 + s**2 + 1. Suppose -5*m + 2*w = 16, 0 = 4*m - 2*w + 13 - 1. Calculate c(m).
3
Suppose 3*r = 5*o + 4, -r - 3 = 5*o - 11. Let s(l) be the first derivative of l**3/3 - l - 3. Determine s(r).
8
Let d(z) be the first derivative of -2/3*z**3 + 1/4*z**4 - z**2 - 2 + 3*z. Let m(g) = 4*g**2 - 1. Let o be m(1). Calculate d(o).
6
Let l be 1/6 + (-161)/(-42). Suppose -3*d - 16 = l*z - 4*d, 0 = -3*d. Let f(j) = -j**2 - 5*j - 2. Give f(z).
2
Let l(t) be the third derivative of -t**4/24 + t**3/2 - 14*t**2. Determine l(3).
0
Let p(t) = -t**3 + 0 + 3 - 29 + 3*t + 5*t**2 + 25. Let u be ((-5)/(-3))/((-1)/(-3)). Calculate p(u).
14
Let s(b) = 2 - 3 + 5*b**2 - 3*b**2. Suppose -2*w - 4*v = -9 + 25, -3*v - 12 = 4*w. Suppose 3*t + 6 = -w*t. Determine s(t).
7
Let b(u) = u + 3 - 4 - 1. Let m = 4 - 6. Let j(y) = 2*y - 2. Let f(t) = m*j(t) + 3*b(t). Determine f(5).
-7
Let p(f) = 2*f**3 + 4*f**2 + 4*f + 3. Let m(n) = -7 - 2*n - 6*n + 7*n. Let j be m(-5). Give p(j).
-5
Let w(u) = 2*u + 9*u - 10*u. Suppose -5*q = -6*q. Let l = 3 - q. What is w(l)?
3
Let m(j) = j + 1 - 2*j - 2*j + j. Suppose 5*a - a = -5*v + 26, -4*v - 12 = -5*a. Suppose -3*l = 4*o - v, l - 5*o = -2*l - 16. What is m(l)?
5
Let o(p) = 2*p**2 - 8*p + 1. Let c(v) = 3*v**2 - 16*v + 1. Let q(y) = -3*c(y) + 5*o(y). Give q(-7).
-5
Let j(i) = 2*i - 3. Let a(u) = -4*u + 6. Let z(b) = 4*a(b) + 9*j(b). Suppose -12*g + 20 = -7*g. What is z(g)?
5
Let v(u) = -2*u**3 + u**2 - 2*u - 3. Let n be v(-1). Let m(i) = -2*i**3 + 4*i - 3. Calculate m(n).
-11
Let u(c) = -c**2 - 2*c - 1. Let m be u(-1). Let z be (m/(-2))/(2/2). Let r(j) be the third derivative of j**4/24 - j**3/2 - 4*j**2. Determine r(z).
-3
Let u be 9*((-11)/3 - -4). Suppose -b + u*j - 4 = 2, -4*b = -2*j - 16. Let v(f) = f. Calculate v(b).
6
Let k be 4/8 + (-6)/(-4). Let t(m) = m**2 - 3*m - 2. Calculate t(k).
-4
Let o be (-135)/(-25) + 4/(-10). Let x be o + 0 + -1 - 3. Let l(s) = -4*s**2 + s. Give l(x).
-3
Suppose 5*y - 11 = -3*q, 5*y - 13 = -4*q - 0. Suppose 5*r - 25 = -5*f, 16 = 6*f - 2*f + 3*r. Let p(i) = -y - 5*i - f + i**2 + i. What is p(3)?
-5
Let q(n) = -4*n**2 + 3*n**2 + 0*n + 3*n + 2 - n. Let r be 12/42 - 26/(-7). Calculate q(r).
-6
Let p(k) = -16*k + 4*k - 2 + 7*k + 0*k. What is p(4)?
-22
Let n(t) = 6*t**3 + 0*t**3 - 7 - 3*t**3 - 2*t**3 - 5*t**2 - 4*t. Calculate n(6).
5
Let a(b) be the second derivative of -59*b**2 + 2*b 